{"id":3553,"date":"2024-11-08T19:05:09","date_gmt":"2024-11-08T18:05:09","guid":{"rendered":"https:\/\/www.megiw.pl\/?post_type=product&#038;p=3553"},"modified":"2024-12-12T17:28:17","modified_gmt":"2024-12-12T16:28:17","slug":"domek-bratek-204x202","status":"publish","type":"product","link":"https:\/\/www.megiw.pl\/de\/produkt\/domek-bratek-204x202\/","title":{"rendered":"Haus \u201eBratek\u201d"},"content":{"rendered":"","protected":false},"excerpt":{"rendered":"<p>Das Gartenhaus Bratek ist der perfekte Ort f\u00fcr einen Lagerraum. Es ist mit einem Flachdach bedeckt, das wie das gesamte Haus aus Fichtenholz mit einer Wandst\u00e4rke von 19 mm gefertigt ist. Das Dach ist mit Bitumenpappe gedeckt. Die Konstruktion zeichnet sich durch ein modernes und schlichtes Design aus.<\/p>\n<p>Erh\u00e4ltlich in zwei Farbvarianten: naturbelassen und hell Eiche\/anthrazit.<\/p>\n<p>In einem anderen Angebot finden Sie dieses Haus auch mit Glast\u00fcren.<\/p>","protected":false},"featured_media":4760,"template":"","meta":{"site-sidebar-layout":"default","site-content-layout":"","ast-site-content-layout":"default","site-content-style":"default","site-sidebar-style":"default","ast-global-header-display":"","ast-banner-title-visibility":"","ast-main-header-display":"","ast-hfb-above-header-display":"","ast-hfb-below-header-display":"","ast-hfb-mobile-header-display":"","site-post-title":"","ast-breadcrumbs-content":"","ast-featured-img":"","footer-sml-layout":"","theme-transparent-header-meta":"default","adv-header-id-meta":"","stick-header-meta":"","header-above-stick-meta":"","header-main-stick-meta":"","header-below-stick-meta":"","astra-migrate-meta-layouts":"set","ast-page-background-enabled":"default","ast-page-background-meta":{"desktop":{"background-color":"var(--ast-global-color-4)","background-image":"","background-repeat":"repeat","background-position":"center center","background-size":"auto","background-attachment":"scroll","background-type":"","background-media":"","overlay-type":"","overlay-color":"","overlay-opacity":"","overlay-gradient":""},"tablet":{"background-color":"","background-image":"","background-repeat":"repeat","background-position":"center center","background-size":"auto","background-attachment":"scroll","background-type":"","background-media":"","overlay-type":"","overlay-color":"","overlay-opacity":"","overlay-gradient":""},"mobile":{"background-color":"","background-image":"","background-repeat":"repeat","background-position":"center center","background-size":"auto","background-attachment":"scroll","background-type":"","background-media":"","overlay-type":"","overlay-color":"","overlay-opacity":"","overlay-gradient":""}},"ast-content-background-meta":{"desktop":{"background-color":"var(--ast-global-color-5)","background-image":"","background-repeat":"repeat","background-position":"center center","background-size":"auto","background-attachment":"scroll","background-type":"","background-media":"","overlay-type":"","overlay-color":"","overlay-opacity":"","overlay-gradient":""},"tablet":{"background-color":"var(--ast-global-color-5)","background-image":"","background-repeat":"repeat","background-position":"center center","background-size":"auto","background-attachment":"scroll","background-type":"","background-media":"","overlay-type":"","overlay-color":"","overlay-opacity":"","overlay-gradient":""},"mobile":{"background-color":"var(--ast-global-color-5)","background-image":"","background-repeat":"repeat","background-position":"center center","background-size":"auto","background-attachment":"scroll","background-type":"","background-media":"","overlay-type":"","overlay-color":"","overlay-opacity":"","overlay-gradient":""}}},"product_cat":[94,101],"product_tag":[177],"class_list":{"0":"post-3553","1":"product","2":"type-product","3":"status-publish","4":"has-post-thumbnail","6":"product_cat-domki","7":"product_cat-dachy-jednospadowe","8":"product_tag-19mm","9":"desktop-align-center","10":"tablet-align-left","11":"mobile-align-left","13":"first","14":"instock","15":"shipping-taxable","16":"purchasable","17":"product-type-variable","18":"has-default-attributes"},"yoast_head":"<!-- This site is optimized with the Yoast SEO plugin v24.0 - https:\/\/yoast.com\/wordpress\/plugins\/seo\/ -->\n<title>Domek &quot;Bratek&quot; - Megiw<\/title>\n<meta name=\"robots\" content=\"index, follow, max-snippet:-1, max-image-preview:large, max-video-preview:-1\" \/>\n<link rel=\"canonical\" href=\"https:\/\/www.megiw.pl\/de\/produkt\/domek-bratek-204x202\/\" \/>\n<meta property=\"og:locale\" content=\"de_DE\" \/>\n<meta property=\"og:type\" content=\"article\" \/>\n<meta property=\"og:title\" content=\"Domek &quot;Bratek&quot; - Megiw\" \/>\n<meta property=\"og:description\" content=\"Domek ogrodowy Bratek b\u0119dzie idealnym miejscem na sk\u0142adzik. Pokryty jest p\u0142askim dachem, wykonanym podobnie jak ca\u0142y domek z drewna \u015bwierkowego o grubo\u015bci \u015bcian 19mm. Dach pokryty jest pap\u0105 asfaltow\u0105. Obiekt wyr\u00f3\u017cnia si\u0119 nowoczesn\u0105 i prost\u0105 form\u0105.  Dost\u0119pny w dw\u00f3ch wariantach kolorystycznych: naturalnym oraz w kolorze jasny d\u0105b\/antracyt  W innej ofercie znajdziesz r\u00f3wnie\u017c ten domek z drzwiami z przeszkleniem.\" \/>\n<meta property=\"og:url\" content=\"https:\/\/www.megiw.pl\/de\/produkt\/domek-bratek-204x202\/\" \/>\n<meta property=\"og:site_name\" content=\"Megiw\" \/>\n<meta property=\"article:modified_time\" content=\"2024-12-12T16:28:17+00:00\" \/>\n<meta property=\"og:image\" content=\"https:\/\/www.megiw.pl\/wp-content\/uploads\/2024\/11\/Domek-\u201eBratek-202\u00d7207-R.jpg\" \/>\n\t<meta property=\"og:image:width\" content=\"1280\" \/>\n\t<meta property=\"og:image:height\" content=\"1280\" \/>\n\t<meta property=\"og:image:type\" content=\"image\/jpeg\" \/>\n<meta name=\"twitter:card\" content=\"summary_large_image\" \/>\n<script type=\"application\/ld+json\" class=\"yoast-schema-graph\">{\"@context\":\"https:\/\/schema.org\",\"@graph\":[{\"@type\":\"WebPage\",\"@id\":\"https:\/\/www.megiw.pl\/en\/product\/domek-bratek-204x202\/\",\"url\":\"https:\/\/www.megiw.pl\/en\/product\/domek-bratek-204x202\/\",\"name\":\"Domek \\\"Bratek\\\" - Megiw\",\"isPartOf\":{\"@id\":\"https:\/\/www.megiw.pl\/#website\"},\"primaryImageOfPage\":{\"@id\":\"https:\/\/www.megiw.pl\/en\/product\/domek-bratek-204x202\/#primaryimage\"},\"image\":{\"@id\":\"https:\/\/www.megiw.pl\/en\/product\/domek-bratek-204x202\/#primaryimage\"},\"thumbnailUrl\":\"https:\/\/www.megiw.pl\/wp-content\/uploads\/2024\/11\/Domek-\u201eBratek-202\u00d7207-R.jpg\",\"datePublished\":\"2024-11-08T18:05:09+00:00\",\"dateModified\":\"2024-12-12T16:28:17+00:00\",\"breadcrumb\":{\"@id\":\"https:\/\/www.megiw.pl\/en\/product\/domek-bratek-204x202\/#breadcrumb\"},\"inLanguage\":\"de\",\"potentialAction\":[{\"@type\":\"ReadAction\",\"target\":[\"https:\/\/www.megiw.pl\/en\/product\/domek-bratek-204x202\/\"]}]},{\"@type\":\"ImageObject\",\"inLanguage\":\"de\",\"@id\":\"https:\/\/www.megiw.pl\/en\/product\/domek-bratek-204x202\/#primaryimage\",\"url\":\"https:\/\/www.megiw.pl\/wp-content\/uploads\/2024\/11\/Domek-\u201eBratek-202\u00d7207-R.jpg\",\"contentUrl\":\"https:\/\/www.megiw.pl\/wp-content\/uploads\/2024\/11\/Domek-\u201eBratek-202\u00d7207-R.jpg\",\"width\":1280,\"height\":1280},{\"@type\":\"BreadcrumbList\",\"@id\":\"https:\/\/www.megiw.pl\/en\/product\/domek-bratek-204x202\/#breadcrumb\",\"itemListElement\":[{\"@type\":\"ListItem\",\"position\":1,\"name\":\"Strona g\u0142\u00f3wna\",\"item\":\"https:\/\/www.megiw.pl\/\"},{\"@type\":\"ListItem\",\"position\":2,\"name\":\"Sklep\",\"item\":\"https:\/\/www.megiw.pl\/en\/sklep\/\"},{\"@type\":\"ListItem\",\"position\":3,\"name\":\"Domek &#8222;Bratek&#8221;\"}]},{\"@type\":\"WebSite\",\"@id\":\"https:\/\/www.megiw.pl\/#website\",\"url\":\"https:\/\/www.megiw.pl\/\",\"name\":\"Megiw\",\"description\":\"Sauny, producent saun - zak\u0142ad obr\u00f3bki drewna\",\"publisher\":{\"@id\":\"https:\/\/www.megiw.pl\/#organization\"},\"alternateName\":\"Megiw\",\"potentialAction\":[{\"@type\":\"SearchAction\",\"target\":{\"@type\":\"EntryPoint\",\"urlTemplate\":\"https:\/\/www.megiw.pl\/?s={search_term_string}\"},\"query-input\":{\"@type\":\"PropertyValueSpecification\",\"valueRequired\":true,\"valueName\":\"search_term_string\"}}],\"inLanguage\":\"de\"},{\"@type\":\"Organization\",\"@id\":\"https:\/\/www.megiw.pl\/#organization\",\"name\":\"Megiw\",\"url\":\"https:\/\/www.megiw.pl\/\",\"logo\":{\"@type\":\"ImageObject\",\"inLanguage\":\"de\",\"@id\":\"https:\/\/www.megiw.pl\/#\/schema\/logo\/image\/\",\"url\":\"https:\/\/www.megiw.pl\/wp-content\/uploads\/2024\/10\/cropped-MEGIW_LOGO_-1-removebg-preview-3.png\",\"contentUrl\":\"https:\/\/www.megiw.pl\/wp-content\/uploads\/2024\/10\/cropped-MEGIW_LOGO_-1-removebg-preview-3.png\",\"width\":511,\"height\":489,\"caption\":\"Megiw\"},\"image\":{\"@id\":\"https:\/\/www.megiw.pl\/#\/schema\/logo\/image\/\"}}]}<\/script>\n<!-- \/ Yoast SEO plugin. -->","yoast_head_json":{"title":"Domek \"Bratek\" - Megiw","robots":{"index":"index","follow":"follow","max-snippet":"max-snippet:-1","max-image-preview":"max-image-preview:large","max-video-preview":"max-video-preview:-1"},"canonical":"https:\/\/www.megiw.pl\/de\/produkt\/domek-bratek-204x202\/","og_locale":"de_DE","og_type":"article","og_title":"Domek \"Bratek\" - Megiw","og_description":"Domek ogrodowy Bratek b\u0119dzie idealnym miejscem na sk\u0142adzik. Pokryty jest p\u0142askim dachem, wykonanym podobnie jak ca\u0142y domek z drewna \u015bwierkowego o grubo\u015bci \u015bcian 19mm. Dach pokryty jest pap\u0105 asfaltow\u0105. Obiekt wyr\u00f3\u017cnia si\u0119 nowoczesn\u0105 i prost\u0105 form\u0105.  Dost\u0119pny w dw\u00f3ch wariantach kolorystycznych: naturalnym oraz w kolorze jasny d\u0105b\/antracyt  W innej ofercie znajdziesz r\u00f3wnie\u017c ten domek z drzwiami z przeszkleniem.","og_url":"https:\/\/www.megiw.pl\/de\/produkt\/domek-bratek-204x202\/","og_site_name":"Megiw","article_modified_time":"2024-12-12T16:28:17+00:00","og_image":[{"width":1280,"height":1280,"url":"https:\/\/www.megiw.pl\/wp-content\/uploads\/2024\/11\/Domek-\u201eBratek-202\u00d7207-R.jpg","type":"image\/jpeg"}],"twitter_card":"summary_large_image","schema":{"@context":"https:\/\/schema.org","@graph":[{"@type":"WebPage","@id":"https:\/\/www.megiw.pl\/en\/product\/domek-bratek-204x202\/","url":"https:\/\/www.megiw.pl\/en\/product\/domek-bratek-204x202\/","name":"Domek \"Bratek\" - Megiw","isPartOf":{"@id":"https:\/\/www.megiw.pl\/#website"},"primaryImageOfPage":{"@id":"https:\/\/www.megiw.pl\/en\/product\/domek-bratek-204x202\/#primaryimage"},"image":{"@id":"https:\/\/www.megiw.pl\/en\/product\/domek-bratek-204x202\/#primaryimage"},"thumbnailUrl":"https:\/\/www.megiw.pl\/wp-content\/uploads\/2024\/11\/Domek-\u201eBratek-202\u00d7207-R.jpg","datePublished":"2024-11-08T18:05:09+00:00","dateModified":"2024-12-12T16:28:17+00:00","breadcrumb":{"@id":"https:\/\/www.megiw.pl\/en\/product\/domek-bratek-204x202\/#breadcrumb"},"inLanguage":"de","potentialAction":[{"@type":"ReadAction","target":["https:\/\/www.megiw.pl\/en\/product\/domek-bratek-204x202\/"]}]},{"@type":"ImageObject","inLanguage":"de","@id":"https:\/\/www.megiw.pl\/en\/product\/domek-bratek-204x202\/#primaryimage","url":"https:\/\/www.megiw.pl\/wp-content\/uploads\/2024\/11\/Domek-\u201eBratek-202\u00d7207-R.jpg","contentUrl":"https:\/\/www.megiw.pl\/wp-content\/uploads\/2024\/11\/Domek-\u201eBratek-202\u00d7207-R.jpg","width":1280,"height":1280},{"@type":"BreadcrumbList","@id":"https:\/\/www.megiw.pl\/en\/product\/domek-bratek-204x202\/#breadcrumb","itemListElement":[{"@type":"ListItem","position":1,"name":"Strona g\u0142\u00f3wna","item":"https:\/\/www.megiw.pl\/"},{"@type":"ListItem","position":2,"name":"Sklep","item":"https:\/\/www.megiw.pl\/en\/sklep\/"},{"@type":"ListItem","position":3,"name":"Domek &#8222;Bratek&#8221;"}]},{"@type":"WebSite","@id":"https:\/\/www.megiw.pl\/#website","url":"https:\/\/www.megiw.pl\/","name":"Megiw","description":"Sauny, producent saun - zak\u0142ad obr\u00f3bki drewna","publisher":{"@id":"https:\/\/www.megiw.pl\/#organization"},"alternateName":"Megiw","potentialAction":[{"@type":"SearchAction","target":{"@type":"EntryPoint","urlTemplate":"https:\/\/www.megiw.pl\/?s={search_term_string}"},"query-input":{"@type":"PropertyValueSpecification","valueRequired":true,"valueName":"search_term_string"}}],"inLanguage":"de"},{"@type":"Organization","@id":"https:\/\/www.megiw.pl\/#organization","name":"Megiw","url":"https:\/\/www.megiw.pl\/","logo":{"@type":"ImageObject","inLanguage":"de","@id":"https:\/\/www.megiw.pl\/#\/schema\/logo\/image\/","url":"https:\/\/www.megiw.pl\/wp-content\/uploads\/2024\/10\/cropped-MEGIW_LOGO_-1-removebg-preview-3.png","contentUrl":"https:\/\/www.megiw.pl\/wp-content\/uploads\/2024\/10\/cropped-MEGIW_LOGO_-1-removebg-preview-3.png","width":511,"height":489,"caption":"Megiw"},"image":{"@id":"https:\/\/www.megiw.pl\/#\/schema\/logo\/image\/"}}]}},"_links":{"self":[{"href":"https:\/\/www.megiw.pl\/de\/wp-json\/wp\/v2\/product\/3553"}],"collection":[{"href":"https:\/\/www.megiw.pl\/de\/wp-json\/wp\/v2\/product"}],"about":[{"href":"https:\/\/www.megiw.pl\/de\/wp-json\/wp\/v2\/types\/product"}],"wp:featuredmedia":[{"embeddable":true,"href":"https:\/\/www.megiw.pl\/de\/wp-json\/wp\/v2\/media\/4760"}],"wp:attachment":[{"href":"https:\/\/www.megiw.pl\/de\/wp-json\/wp\/v2\/media?parent=3553"}],"wp:term":[{"taxonomy":"product_cat","embeddable":true,"href":"https:\/\/www.megiw.pl\/de\/wp-json\/wp\/v2\/product_cat?post=3553"},{"taxonomy":"product_tag","embeddable":true,"href":"https:\/\/www.megiw.pl\/de\/wp-json\/wp\/v2\/product_tag?post=3553"}],"curies":[{"name":"wp","href":"https:\/\/api.w.org\/{rel}","templated":true}]}}

<p>Das Gartenhaus Bratek ist der perfekte Ort für einen Lagerraum. Es ist mit einem Flachdach bedeckt, das wie das gesamte Haus aus Fichtenholz mit einer Wandstärke von 19 mm gefertigt ist. Das Dach ist mit Bitumenpappe gedeckt. Die Konstruktion zeichnet sich durch ein modernes und schlichtes Design aus.</p>
<p>Erhältlich in zwei Farbvarianten: naturbelassen und hell Eiche/anthrazit.</p>
<p>In einem anderen Angebot finden Sie dieses Haus auch mit Glastüren.</p>

<!-- This site is optimized with the Yoast SEO plugin v24.0 - https://yoast.com/wordpress/plugins/seo/ -->
<title>Domek &quot;Bratek&quot; - Megiw</title>
<meta name="robots" content="index, follow, max-snippet:-1, max-image-preview:large, max-video-preview:-1" />
<link rel="canonical" href="https://www.megiw.pl/de/produkt/domek-bratek-204x202/" />
<meta property="og:locale" content="de_DE" />
<meta property="og:type" content="article" />
<meta property="og:title" content="Domek &quot;Bratek&quot; - Megiw" />
<meta property="og:description" content="Domek ogrodowy Bratek będzie idealnym miejscem na składzik. Pokryty jest płaskim dachem, wykonanym podobnie jak cały domek z drewna świerkowego o grubości ścian 19mm. Dach pokryty jest papą asfaltową. Obiekt wyróżnia się nowoczesną i prostą formą.  Dostępny w dwóch wariantach kolorystycznych: naturalnym oraz w kolorze jasny dąb/antracyt  W innej ofercie znajdziesz również ten domek z drzwiami z przeszkleniem." />
<meta property="og:url" content="https://www.megiw.pl/de/produkt/domek-bratek-204x202/" />
<meta property="og:site_name" content="Megiw" />
<meta property="article:modified_time" content="2024-12-12T16:28:17+00:00" />
<meta property="og:image" content="https://www.megiw.pl/wp-content/uploads/2024/11/Domek-„Bratek-202×207-R.jpg" />
	<meta property="og:image:width" content="1280" />
	<meta property="og:image:height" content="1280" />
	<meta property="og:image:type" content="image/jpeg" />
<meta name="twitter:card" content="summary_large_image" />
<script type="application/ld+json" class="yoast-schema-graph">{"@context":"https://schema.org","@graph":[{"@type":"WebPage","@id":"https://www.megiw.pl/en/product/domek-bratek-204x202/","url":"https://www.megiw.pl/en/product/domek-bratek-204x202/","name":"Domek \"Bratek\" - Megiw","isPartOf":{"@id":"https://www.megiw.pl/#website"},"primaryImageOfPage":{"@id":"https://www.megiw.pl/en/product/domek-bratek-204x202/#primaryimage"},"image":{"@id":"https://www.megiw.pl/en/product/domek-bratek-204x202/#primaryimage"},"thumbnailUrl":"https://www.megiw.pl/wp-content/uploads/2024/11/Domek-„Bratek-202×207-R.jpg","datePublished":"2024-11-08T18:05:09+00:00","dateModified":"2024-12-12T16:28:17+00:00","breadcrumb":{"@id":"https://www.megiw.pl/en/product/domek-bratek-204x202/#breadcrumb"},"inLanguage":"de","potentialAction":[{"@type":"ReadAction","target":["https://www.megiw.pl/en/product/domek-bratek-204x202/"]}]},{"@type":"ImageObject","inLanguage":"de","@id":"https://www.megiw.pl/en/product/domek-bratek-204x202/#primaryimage","url":"https://www.megiw.pl/wp-content/uploads/2024/11/Domek-„Bratek-202×207-R.jpg","contentUrl":"https://www.megiw.pl/wp-content/uploads/2024/11/Domek-„Bratek-202×207-R.jpg","width":1280,"height":1280},{"@type":"BreadcrumbList","@id":"https://www.megiw.pl/en/product/domek-bratek-204x202/#breadcrumb","itemListElement":[{"@type":"ListItem","position":1,"name":"Strona główna","item":"https://www.megiw.pl/"},{"@type":"ListItem","position":2,"name":"Sklep","item":"https://www.megiw.pl/en/sklep/"},{"@type":"ListItem","position":3,"name":"Domek &#8222;Bratek&#8221;"}]},{"@type":"WebSite","@id":"https://www.megiw.pl/#website","url":"https://www.megiw.pl/","name":"Megiw","description":"Sauny, producent saun - zakład obróbki drewna","publisher":{"@id":"https://www.megiw.pl/#organization"},"alternateName":"Megiw","potentialAction":[{"@type":"SearchAction","target":{"@type":"EntryPoint","urlTemplate":"https://www.megiw.pl/?s={search_term_string}"},"query-input":{"@type":"PropertyValueSpecification","valueRequired":true,"valueName":"search_term_string"}}],"inLanguage":"de"},{"@type":"Organization","@id":"https://www.megiw.pl/#organization","name":"Megiw","url":"https://www.megiw.pl/","logo":{"@type":"ImageObject","inLanguage":"de","@id":"https://www.megiw.pl/#/schema/logo/image/","url":"https://www.megiw.pl/wp-content/uploads/2024/10/cropped-MEGIW_LOGO_-1-removebg-preview-3.png","contentUrl":"https://www.megiw.pl/wp-content/uploads/2024/10/cropped-MEGIW_LOGO_-1-removebg-preview-3.png","width":511,"height":489,"caption":"Megiw"},"image":{"@id":"https://www.megiw.pl/#/schema/logo/image/"}}]}</script>
<!-- / Yoast SEO plugin. -->

Domek ogrodowy Bratek będzie idealnym miejscem na składzik. Pokryty jest płaskim dachem, wykonanym podobnie jak cały domek z drewna świerkowego o grubości ścian 19mm. Dach pokryty jest papą asfaltową. Obiekt wyróżnia się nowoczesną i prostą formą.  Dostępny w dwóch wariantach kolorystycznych: naturalnym oraz w kolorze jasny dąb/antracyt  W innej ofercie znajdziesz również ten domek z drzwiami z przeszkleniem.

Strona główna

Sauny, producent saun - zakład obróbki drewna
